0
Let t(r) = r**2 + 23*r + 45. Determine t(-11).
-87
Let x(t) = -450*t - 7686. Determine x(-17).
-36
Let h(j) = 3*j**3 + 3*j**2 - 6*j + 2. What is h(-4)?
-118
Let l(j) = 37*j**2 - 14*j - 3. Give l(1).
20
Let t(f) = -f**3 - 54*f**2 + 2*f - 86. What is t(0)?
-86
Let y(o) = -o**3 - 11*o**2 + 56*o - 64. What is y(-15)?
-4
Let p(q) = 2*q**3 + 21*q**2 - 30*q + 71. What is p(-12)?
-1
Let r(o) = 349*o - 50609. Give r(145).
-4
Let x(k) = -7*k**3 - 282*k**2 - 29*k + 2034. Give x(-40).
-6
Let x(i) = 26*i - 1005. Give x(35).
-95
Let q(m) = m**3 + 17*m**2 + 52*m + 141. Determine q(-14).
1
Let o(c) = -3*c**2 + 1270*c - 5036. Give o(4).
-4
Let j(w) = -8*w - 72. Give j(6).
-120
Let q(z) = -101*z + 951. Determine q(9).
42
Let z(p) = 111*p - 391. Calculate z(-5).
-946
Let z(c) = -2*c**2 + 92*c - 578. Determine z(30).
382
Let p(g) = 4*g**2 + 102*g - 32. Give p(-23).
-262
Let b(d) = 2*d**2 - 135*d + 395. Calculate b(3).
8
Let w(j) = 8*j + 139. What is w(-14)?
27
Let i(g) = g**2 - 160*g + 1105. Give i(8).
-111
Let c(m) = m**2 - 18*m + 66. Calculate c(14).
10
Let f(z) = -903*z + 64103. Calculate f(71).
-10
Let v(f) = f**3 + 19*f**2 - 37*f - 129. What is v(-2)?
13
Let h(c) = -74*c - 1471. Determine h(-22).
157
Let b(f) = f**3 - 33*f**2 + 93*f + 107. Calculate b(30).
197
Let o(m) = 606*m + 3034. Determine o(-5).
4
Let n(r) = -416*r - 6656. What is n(-16)?
0
Let x(h) = -h**3 - 54*h**2 - 47*h + 291. Give x(-53).
-27
Let a(r) = -11*r + 100. Determine a(18).
-98
Let d(w) = w**3 + 28*w**2 + 29*w - 82. Calculate d(-27).
-136
Let j(w) = -w**2 - 57*w - 107. Calculate j(-4).
105
Let s(f) = -f**3 - 60*f**2 - 894*f - 113. Give s(-33).
-14
Let o(n) = -2*n**3 - 7*n**2 + 38*n + 6. Calculate o(4).
-82
Let k(l) = l**3 - 31*l**2 + 35*l - 132. Determine k(30).
18
Let f(t) = 15*t**2 + 146*t + 14. Determine f(-9).
-85
Let s(c) = -c**3 + 4*c**2 + 51*c + 94. Give s(10).
4
Let p(h) = -h**2 + 44*h - 90. Give p(44).
-90
Let g(q) = q**3 + 3*q**2 + q - 2. Calculate g(-5).
-57
Let w(z) = 5*z**2 + 90*z + 87. Give w(-17).
2
Let w(z) = 8*z**2 - 26*z + 7. What is w(6)?
139
Let o(x) = 2*x**2 + 122*x + 670. Determine o(-58).
322
Let v(m) = 2*m**2 - 172*m - 1302. Give v(93).
0
Let y(p) = -3*p - 294. Calculate y(5).
-309
Let q(i) = -i**3 - 13*i**2 - 40*i + 21. Calculate q(-9).
57
Let f(v) = -2299*v + 6861. Determine f(3).
-36
Let u(s) = 2*s**2 - 11*s - 15. Calculate u(0).
-15
Let t(p) = -p**3 + 21*p**2 + 46*p + 13. Calculate t(23).
13
Let m(z) = -311*z + 1266. Give m(4).
22
Let u(j) = -j**3 + 22*j**2 - 32*j + 5. Determine u(20).
165
Let r(z) = 65*z**2 + 729*z + 139. Calculate r(-11).
-15
Let o(w) = w**2 + 5*w - 40. Give o(-6).
-34
Let i(h) = -h**3 - 22*h**2 + 38*h - 209. Give i(-24).
31
Let i(c) = 5*c + 20. Calculate i(-2).
10
Let s(c) = -c**3 + 6*c**2 + 1394*c - 11029. Give s(8).
-5
Let f(d) = -317*d + 10456. Determine f(33).
-5
Let m(p) = 3*p**2 + 27*p + 137. What is m(-6)?
83
Let x(o) = -o**3 + 2*o**2 + 26*o + 65. Determine x(-6).
197
Let r(w) = -w**2 + 141. Determine r(12).
-3
Let a(v) = -v**3 + 16*v**2 + 107*v - 47. What is a(21)?
-5
Let j(p) = 33*p**2 + 7*p + 2. Calculate j(-2).
120
Let a(w) = 3*w**2 - 66*w - 177. Calculate a(29).
432
Let i(h) = 30*h + 406. Give i(-13).
16
Let z(i) = -16*i**2 - 386*i - 70. Determine z(-24).
-22
Let s(h) = -h**3 + 40*h**2 + 37*h + 145. What is s(41)?
-19
Let s(c) = 41*c**2 + 9761*c + 710. What is s(-238)?
-4
Let k(i) = i**3 + 14*i**2 + 38*i - 69. What is k(-9)?
-6
Let g(s) = 34*s**2 + 5*s - 7. Determine g(3).
314
Let v(m) = -11*m + 1694. Determine v(156).
-22
Let h(d) = -417*d + 1671. Determine h(4).
3
Let p(z) = -47*z - 22. Calculate p(-3).
119
Let v(x) = 70*x - 3346. What is v(48)?
14
Let o(z) = 3*z**2 - 1177*z - 4764. What is o(-4)?
-8
Let y(u) = -u**3 + 18*u**2 + 255*u - 280. Give y(27).
44
Let t(p) = p**3 - 21*p**2 + 16*p - 20. Calculate t(20).
-100
Let q(t) = 2*t**3 + 34*t**2 + 72*t + 161. Determine q(-15).
-19
Let k(w) = -w**3 - 60*w**2 + 186*w - 180. What is k(-63)?
9
Let p(b) = b**2 - 32*b + 212. Calculate p(7).
37
Let q(d) = d**3 - 16*d**2 - 70*d + 332. What is q(19)?
85
Let s(x) = -210*x - 1690. What is s(-8)?
-10
Let z(u) = -119*u + 22. Calculate z(1).
-97
Let y(m) = -m**2 - m + 24. Determine y(-7).
-18
Let q(d) = d**3 + 8*d**2 - 2*d - 64. Give q(-8).
-48
Let z(w) = -w**2 - 1240*w - 21971. Determine z(-18).
25
Let p(d) = -55*d**3 + 17*d**2 + 13*d - 4. Determine p(-1).
55
Let a(w) = -270*w - 1582. What is a(-6)?
38
Let h(l) = -4*l**2 - 230*l - 68. Calculate h(-57).
46
Let k(t) = -5*t**2 + 287*t + 186. Calculate k(58).
12
Let u(i) = 14*i**2 - 1035*i - 159. Determine u(74).
-85
Let c(l) = -l**2 + 30*l - 250. Determine c(19).
-41
Let m(b) = -2*b**2 - 79*b - 698. Give m(-12).
-38
Let r(k) = k**2 - 614*k + 13027. What is r(22)?
3
Let k(n) = 33*n**2 + 659*n - 24. Calculate k(-20).
-4
Let x(t) = 3*t**2 + 19*t + 41. Give x(-2).
15
Let c(f) = 7*f**2 + 481*f - 131. Give c(-69).
7
Let s(z) = -z**3 + 14*z**2 - 43*z + 29. What is s(10)?
-1
Let p(a) = 179*a - 1066. Calculate p(6).
8
Let d(i) = -23*i**2 + 742*i - 190. Calculate d(32).
2
Let b(g) = -g**2 + 175*g + 2440. Determine b(-13).
-4
Let w(g) = -16*g + 1984. Give w(124).
0
Let s(i) = 549*i + 1253. Give s(-2).
155
Let z(r) = r**3 + 82*r**2 - 1800*r + 5. What is z(18)?
5
Let u(y) = -y**2 + 198*y - 7777. Give u(54).
-1
Let i(h) = -h**3 - 34*h**2 - 33*h - 6. Calculate i(-33).
-6
Let o(x) = 153*x - 596. Determine o(4).
16
Let r(h) = -15974*h + 63895. What is r(4)?
-1
Let x(j) = -j**2 - 16*j + 12935. Calculate x(106).
3
Let f(m) = -3*m**2 + 142*m - 338. Give f(45).
-23
Let q(o) = 17*o**2 - 125*o + 125. What is q(1)?
17
Let f(b) = -b**2 - 111*b - 1741. What is f(-19)?
7
Let g(u) = -7*u - 47. Determine g(-3).
-26
Let g(s) = -86*s - 258. Give g(4).
-602
Let n(w) = 3*w - 130. Give n(-22).
-196
Let a(b) = b**3 - 18*b**2 + 35*b - 47. Give a(16).
1
Let b(t) = -1032*t + 11485. What is b(11)?
133
Let t(a) = a**3 - 6*a**2 + 3*a - 57. Calculate t(9).
213
Let a(d) = d**3 - 128*d**2 - 134*d + 691. What is a(129)?
46
Let a(g) = g**2 + 728*g + 10681. Calculate a(-15).
-14
Let r(o) = -o**3 + 6*o**2 - 4*o - 31. Determine r(4).
-15
Let t(a) = -3*a**3 - 37*a**2 - 60*a + 368. Calculate t(-8).
16
Let r(o) = 212*o**2 - 396*o - 1. Determine r(2).
55
Let m(y) = -3*y + 55. Give m(1).
52
Let m(n) = 11*n**2 - 233*n + 43. What is m(21)?
1
Let k(a) = 1478*a - 124149. Calculate k(84).
3
Let h(f) = -f**3 + 16*f**2 - 7*f - 129. Determine h(15).
-9
Let w(x) = -14*x**2 + 198*x + 592. Calculate w(-3).
-128
Let j(d) = 3*d**3 - 30*d**2 + 6*d + 17. Calculate j(10).
77
Let n(f) = -2*f**3 + 2*f**2 + 240*f + 205. What is n(-10)?
5
Let b(g) = -3*g**2 + 48*g - 400. Determine b(11).
-235
Let b(m) = m**3 - 38*m**2 - 212*m - 146. Determine b(43).
-17
Let q(u) = 7*u + 99. What is q(-21)?
-48
Let o(u) = 37*u + 85. What is o(-5)?
-100
Let z(f) = -2*f**3 + 16*f**2 - 26*f - 1. Determine z(2).
-5
Let p(j) = -2*j**2 - 106*j - 396. What is p(-50)?
-96
Let l(q) = -176*q + 10067. Calculate l(57).
35
Let z(x) = -683*x - 9579. Give z(-14).
-17
Let q(h) = -33*h - 1517. Give q(-47).
34
Let r(h) = 257*h - 511. Determine r(2).
3
Let r(a) = a**3 + 43*a**2 + 341*a + 38. Calculate r(-10).
-72
Let w(o) = o**3 + 45*o**2 - 69*o - 1042. Determine w(-46).
16
Let a(i) = i**3 + 6*i**2 - 28*i + 117. Calculate a(-10).
-3
Let u(c) = 587*c - 287630. What is u(490)?
0
Let l(x) = x**3 + 6*x**2 + 310*x + 3033. Give l(-9).
0
Let u(d) = d**3 + 34*d**2 + 34*d + 72. Calculate u(-33).
39
Let i(n) = -265*n - 4526. Calculate i(-17).
-21
Let o(j) = -j**3 - 119*j**2 - 352*j - 402. Calculate o(-116).
62
Let a(f) = f**2 + 87*f + 1472. What is a(-23)?
0
Let n(h) = 3*h**3 - 34*h**2 - 8*h - 29. Calculate n(11).
-238
Let s(w) = 2*w**2 + 52*w - 62. Determine s(-27).
-8
Let a(p) = -80*p - 483. What is a(-6)?
-3
Let o(j) = -19*j**3 + 112*j**2 + 8*j + 34. Calculate o(6).
10
Let x(s) = -6950*s + 1. Calculate x(0).
1
Let f(p) = -3*p**2 - 107*p + 3330. Determine f(20).
-10
Let j(y) = -y**3 - 15*y**2 - 23*y + 34. Determine j(-13).
-5
Let l(z) = -10647*z + 106461. Determine l(10).
-9
Let w(q) = 80*q + 2570. What is w(-32)?
10
Let c(g) = -8*g**3 + 170*g**2 - 43*g - 10. Give c(21).
-31
Let r(h) = 340*h + 1010. Determine r(-3).
-10
Let i(d) = d**3 - 79*d**2 - 3*d + 230. Determine i(79).
-7
Let v(n) = n**3 - 88*n**2 +